{"id":4169,"date":"2024-01-16T06:54:04","date_gmt":"2024-01-16T06:54:04","guid":{"rendered":"https:\/\/jpmixconcreto.eng.br\/sofasmart-novaiguacu\/?page_id=4169"},"modified":"2024-01-29T13:41:46","modified_gmt":"2024-01-29T16:41:46","slug":"orcamento","status":"publish","type":"page","link":"https:\/\/aguavivadesentupidora.com.br\/index.php\/orcamento\/","title":{"rendered":"Or\u00e7amento"},"content":{"rendered":"\t\t<div data-elementor-type=\"wp-page\" data-elementor-id=\"4169\" class=\"elementor elementor-4169\" data-elementor-post-type=\"page\">\n\t\t\t\t\t\t\t<div class=\"elementor-element elementor-element-be2fc00 e-flex e-con-boxed e-con e-parent\" data-id=\"be2fc00\" data-element_type=\"container\" data-settings=\"{&quot;container_type&quot;:&quot;flex&quot;,&quot;content_width&quot;:&quot;boxed&quot;}\" data-core-v316-plus=\"true\">\n\t\t\t\t\t<div class=\"e-con-inner\">\n\t\t\t\t<div class=\"elementor-element elementor-element-7d56819 elementor-widget elementor-widget-text-editor\" data-id=\"7d56819\" data-element_type=\"widget\" data-widget_type=\"text-editor.default\">\n\t\t\t\t<div class=\"elementor-widget-container\">\n\t\t\t<style>\/*! elementor - v3.18.0 - 20-12-2023 *\/\n.elementor-widget-text-editor.elementor-drop-cap-view-stacked .elementor-drop-cap{background-color:#69727d;color:#fff}.elementor-widget-text-editor.elementor-drop-cap-view-framed .elementor-drop-cap{color:#69727d;border:3px solid;background-color:transparent}.elementor-widget-text-editor:not(.elementor-drop-cap-view-default) .elementor-drop-cap{margin-top:8px}.elementor-widget-text-editor:not(.elementor-drop-cap-view-default) .elementor-drop-cap-letter{width:1em;height:1em}.elementor-widget-text-editor .elementor-drop-cap{float:left;text-align:center;line-height:1;font-size:50px}.elementor-widget-text-editor .elementor-drop-cap-letter{display:inline-block}<\/style>\t\t\t\t<p style=\"text-align: center;\">Fa\u00e7a sua Cota\u00e7\u00e3o Online Agora!<\/p>\t\t\t\t\t\t<\/div>\n\t\t\t\t<\/div>\n\t\t\t\t<div class=\"elementor-element elementor-element-a691caf elementor-button-align-stretch elementor-widget elementor-widget-form\" data-id=\"a691caf\" data-element_type=\"widget\" data-settings=\"{&quot;step_next_label&quot;:&quot;Next&quot;,&quot;step_previous_label&quot;:&quot;Previous&quot;,&quot;button_width&quot;:&quot;100&quot;,&quot;step_type&quot;:&quot;number_text&quot;,&quot;step_icon_shape&quot;:&quot;circle&quot;}\" data-widget_type=\"form.default\">\n\t\t\t\t<div class=\"elementor-widget-container\">\n\t\t\t<style>\/*! elementor-pro - v3.18.0 - 20-12-2023 *\/\n.elementor-button.elementor-hidden,.elementor-hidden{display:none}.e-form__step{width:100%}.e-form__step:not(.elementor-hidden){display:flex;flex-wrap:wrap}.e-form__buttons{flex-wrap:wrap}.e-form__buttons,.e-form__buttons__wrapper{display:flex}.e-form__indicators{display:flex;justify-content:space-between;align-items:center;flex-wrap:nowrap;font-size:13px;margin-bottom:var(--e-form-steps-indicators-spacing)}.e-form__indicators__indicator{display:flex;flex-direction:column;align-items:center;justify-content:center;flex-basis:0;padding:0 var(--e-form-steps-divider-gap)}.e-form__indicators__indicator__progress{width:100%;position:relative;background-color:var(--e-form-steps-indicator-progress-background-color);border-radius:var(--e-form-steps-indicator-progress-border-radius);overflow:hidden}.e-form__indicators__indicator__progress__meter{width:var(--e-form-steps-indicator-progress-meter-width,0);height:var(--e-form-steps-indicator-progress-height);line-height:var(--e-form-steps-indicator-progress-height);padding-right:15px;border-radius:var(--e-form-steps-indicator-progress-border-radius);background-color:var(--e-form-steps-indicator-progress-color);color:var(--e-form-steps-indicator-progress-meter-color);text-align:right;transition:width .1s linear}.e-form__indicators__indicator:first-child{padding-left:0}.e-form__indicators__indicator:last-child{padding-right:0}.e-form__indicators__indicator--state-inactive{color:var(--e-form-steps-indicator-inactive-primary-color,#c2cbd2)}.e-form__indicators__indicator--state-inactive [class*=indicator--shape-]:not(.e-form__indicators__indicator--shape-none){background-color:var(--e-form-steps-indicator-inactive-secondary-color,#fff)}.e-form__indicators__indicator--state-inactive object,.e-form__indicators__indicator--state-inactive svg{fill:var(--e-form-steps-indicator-inactive-primary-color,#c2cbd2)}.e-form__indicators__indicator--state-active{color:var(--e-form-steps-indicator-active-primary-color,#39b54a);border-color:var(--e-form-steps-indicator-active-secondary-color,#fff)}.e-form__indicators__indicator--state-active [class*=indicator--shape-]:not(.e-form__indicators__indicator--shape-none){background-color:var(--e-form-steps-indicator-active-secondary-color,#fff)}.e-form__indicators__indicator--state-active object,.e-form__indicators__indicator--state-active svg{fill:var(--e-form-steps-indicator-active-primary-color,#39b54a)}.e-form__indicators__indicator--state-completed{color:var(--e-form-steps-indicator-completed-secondary-color,#fff)}.e-form__indicators__indicator--state-completed [class*=indicator--shape-]:not(.e-form__indicators__indicator--shape-none){background-color:var(--e-form-steps-indicator-completed-primary-color,#39b54a)}.e-form__indicators__indicator--state-completed .e-form__indicators__indicator__label{color:var(--e-form-steps-indicator-completed-primary-color,#39b54a)}.e-form__indicators__indicator--state-completed .e-form__indicators__indicator--shape-none{color:var(--e-form-steps-indicator-completed-primary-color,#39b54a);background-color:initial}.e-form__indicators__indicator--state-completed object,.e-form__indicators__indicator--state-completed svg{fill:var(--e-form-steps-indicator-completed-secondary-color,#fff)}.e-form__indicators__indicator__icon{width:var(--e-form-steps-indicator-padding,30px);height:var(--e-form-steps-indicator-padding,30px);font-size:var(--e-form-steps-indicator-icon-size);border-width:1px;border-style:solid;display:flex;justify-content:center;align-items:center;overflow:hidden;margin-bottom:10px}.e-form__indicators__indicator__icon img,.e-form__indicators__indicator__icon object,.e-form__indicators__indicator__icon svg{width:var(--e-form-steps-indicator-icon-size);height:auto}.e-form__indicators__indicator__icon .e-font-icon-svg{height:1em}.e-form__indicators__indicator__number{width:var(--e-form-steps-indicator-padding,30px);height:var(--e-form-steps-indicator-padding,30px);border-width:1px;border-style:solid;display:flex;justify-content:center;align-items:center;margin-bottom:10px}.e-form__indicators__indicator--shape-circle{border-radius:50%}.e-form__indicators__indicator--shape-square{border-radius:0}.e-form__indicators__indicator--shape-rounded{border-radius:5px}.e-form__indicators__indicator--shape-none{border:0}.e-form__indicators__indicator__label{text-align:center}.e-form__indicators__indicator__separator{width:100%;height:var(--e-form-steps-divider-width);background-color:#babfc5}.e-form__indicators--type-icon,.e-form__indicators--type-icon_text,.e-form__indicators--type-number,.e-form__indicators--type-number_text{align-items:flex-start}.e-form__indicators--type-icon .e-form__indicators__indicator__separator,.e-form__indicators--type-icon_text .e-form__indicators__indicator__separator,.e-form__indicators--type-number .e-form__indicators__indicator__separator,.e-form__indicators--type-number_text .e-form__indicators__indicator__separator{margin-top:calc(var(--e-form-steps-indicator-padding, 30px) \/ 2 - var(--e-form-steps-divider-width, 1px) \/ 2)}.elementor-field-type-hidden{display:none}.elementor-field-type-html{display:inline-block}.elementor-field-type-tel input{direction:inherit}.elementor-login .elementor-lost-password,.elementor-login .elementor-remember-me{font-size:.85em}.elementor-field-type-recaptcha_v3 .elementor-field-label{display:none}.elementor-field-type-recaptcha_v3 .grecaptcha-badge{z-index:1}.elementor-button .elementor-form-spinner{order:3}.elementor-form .elementor-button>span{display:flex;justify-content:center;align-items:center}.elementor-form .elementor-button .elementor-button-text{white-space:normal;flex-grow:0}.elementor-form .elementor-button svg{height:auto}.elementor-form .elementor-button .e-font-icon-svg{height:1em}.elementor-select-wrapper .select-caret-down-wrapper{position:absolute;top:50%;transform:translateY(-50%);inset-inline-end:10px;pointer-events:none;font-size:11px}.elementor-select-wrapper .select-caret-down-wrapper svg{display:unset;width:1em;aspect-ratio:unset;fill:currentColor}.elementor-select-wrapper .select-caret-down-wrapper i{font-size:19px;line-height:2}.elementor-select-wrapper.remove-before:before{content:\"\"!important}<\/style>\t\t<form class=\"elementor-form\" method=\"post\" name=\"Or\u00e7amento\">\n\t\t\t<input type=\"hidden\" name=\"post_id\" value=\"4169\"\/>\n\t\t\t<input type=\"hidden\" name=\"form_id\" value=\"a691caf\"\/>\n\t\t\t<input type=\"hidden\" name=\"referer_title\" value=\"\" \/>\n\n\t\t\t\n\t\t\t<div class=\"ele-extensions-hide-form elementor-form-fields-wrapper elementor-labels-above\">\n\t\t\t\t\t\t\t\t<div class=\"elementor-field-type-text elementor-field-group elementor-column elementor-field-group-nome elementor-col-33 elementor-field-required\">\n\t\t\t\t\t\t\t\t\t\t\t\t<label for=\"form-field-nome\" class=\"elementor-field-label\">\n\t\t\t\t\t\t\t\tNome\t\t\t\t\t\t\t<\/label>\n\t\t\t\t\t\t\t\t\t\t\t\t\t\t<input size=\"1\" type=\"text\" name=\"form_fields[nome]\" id=\"form-field-nome\" class=\"elementor-field elementor-size-sm  elementor-field-textual\" placeholder=\"Escreva seu Nome Completo\" required=\"required\" aria-required=\"true\">\n\t\t\t\t\t\t\t\t\t\t\t<\/div>\n\t\t\t\t\t\t\t\t<div class=\"elementor-field-type-text elementor-field-group elementor-column elementor-field-group-whatsapp elementor-col-33\">\n\t\t\t\t\t\t\t\t\t\t\t\t<label for=\"form-field-whatsapp\" class=\"elementor-field-label\">\n\t\t\t\t\t\t\t\tWhatsApp\t\t\t\t\t\t\t<\/label>\n\t\t\t\t\t\t\t\t\t\t\t\t\t\t<input size=\"1\" type=\"text\" name=\"form_fields[whatsapp]\" id=\"form-field-whatsapp\" class=\"elementor-field elementor-size-sm  elementor-field-textual\" placeholder=\"Escreva seu N\u00famero do WhatsApp\">\n\t\t\t\t\t\t\t\t\t\t\t<\/div>\n\t\t\t\t\t\t\t\t<div class=\"elementor-field-type-text elementor-field-group elementor-column elementor-field-group-cep elementor-col-33 elementor-field-required\">\n\t\t\t\t\t\t\t\t\t\t\t\t<label for=\"form-field-cep\" class=\"elementor-field-label\">\n\t\t\t\t\t\t\t\tCEP\t\t\t\t\t\t\t<\/label>\n\t\t\t\t\t\t\t\t\t\t\t\t\t\t<input size=\"1\" type=\"text\" name=\"form_fields[cep]\" id=\"form-field-cep\" class=\"elementor-field elementor-size-sm  elementor-field-textual\" placeholder=\"Escreva seu CEP\" required=\"required\" aria-required=\"true\">\n\t\t\t\t\t\t\t\t\t\t\t<\/div>\n\t\t\t\t\t\t\t\t<div class=\"elementor-field-type-select elementor-field-group elementor-column elementor-field-group-servico elementor-col-100 elementor-field-type-select-multiple elementor-field-required\">\n\t\t\t\t\t\t\t\t\t\t\t\t<label for=\"form-field-servico\" class=\"elementor-field-label\">\n\t\t\t\t\t\t\t\tSelecione o servi\u00e7o deseja contratar abaixo:\t\t\t\t\t\t\t<\/label>\n\t\t\t\t\t\t\t\t<div class=\"elementor-field elementor-select-wrapper remove-before \">\n\t\t\t<div class=\"select-caret-down-wrapper\">\n\t\t\t\t\t\t\t<\/div>\n\t\t\t<select name=\"form_fields[servico][]\" id=\"form-field-servico\" class=\"elementor-field-textual elementor-size-sm\" required=\"required\" aria-required=\"true\" multiple=\"\">\n\t\t\t\t\t\t\t\t\t<option value=\"SELECIONE ABAIXO:\">SELECIONE ABAIXO:<\/option>\n\t\t\t\t\t\t\t\t\t<option value=\"Hidrata\u00e7\u00e3o cadeira de couro\">Hidrata\u00e7\u00e3o cadeira de couro<\/option>\n\t\t\t\t\t\t\t\t\t<option value=\"\tHidrata\u00e7\u00e3o 4 cadeiras de couro\">\tHidrata\u00e7\u00e3o 4 cadeiras de couro<\/option>\n\t\t\t\t\t\t\t\t\t<option value=\"\tLimpeza e hidrata\u00e7\u00e3o de sofa de couro 2 lugares\">\tLimpeza e hidrata\u00e7\u00e3o de sofa de couro 2 lugares<\/option>\n\t\t\t\t\t\t\t\t\t<option value=\"\tLimpeza e Higieniza\u00e7\u00e3o de estofados (pufs) redondo pequeno\">\tLimpeza e Higieniza\u00e7\u00e3o de estofados (pufs) redondo pequeno<\/option>\n\t\t\t\t\t\t\t\t\t<option value=\"\tLimpeza e higieniza\u00e7\u00e3o de poltrona\">\tLimpeza e higieniza\u00e7\u00e3o de poltrona<\/option>\n\t\t\t\t\t\t\t\t\t<option value=\"\tLimpeza e higieniza\u00e7\u00e3o de Sof\u00e1 2 lugares\">\tLimpeza e higieniza\u00e7\u00e3o de Sof\u00e1 2 lugares<\/option>\n\t\t\t\t\t\t\t\t\t<option value=\"\tLimpeza e higieniza\u00e7\u00e3o de Sof\u00e1 3 lugares\">\tLimpeza e higieniza\u00e7\u00e3o de Sof\u00e1 3 lugares<\/option>\n\t\t\t\t\t\t\t\t\t<option value=\"\tLimpeza e higieniza\u00e7\u00e3o de Sof\u00e1 retr\u00e1til 2 m\u00f3dulos\">\tLimpeza e higieniza\u00e7\u00e3o de Sof\u00e1 retr\u00e1til 2 m\u00f3dulos<\/option>\n\t\t\t\t\t\t\t\t\t<option value=\"\tHigieniza\u00e7\u00e3o carpete e tapete M\u00b2\">\tHigieniza\u00e7\u00e3o carpete e tapete M\u00b2<\/option>\n\t\t\t\t\t\t\t\t\t<option value=\"\tHigieniza\u00e7\u00e3o de cadeira tecido\">\tHigieniza\u00e7\u00e3o de cadeira tecido<\/option>\n\t\t\t\t\t\t\t\t\t<option value=\"\tLimpeza e higieniza\u00e7\u00e3o kit com 4 cadeiras de tecido\">\tLimpeza e higieniza\u00e7\u00e3o kit com 4 cadeiras de tecido<\/option>\n\t\t\t\t\t\t\t\t\t<option value=\"\tLimpeza e higieniza\u00e7\u00e3o Carrinho de beb\u00ea\">\tLimpeza e higieniza\u00e7\u00e3o Carrinho de beb\u00ea<\/option>\n\t\t\t\t\t\t\t\t\t<option value=\"\tLimpeza e higieniza\u00e7\u00e3o de colch\u00e3o infantil\">\tLimpeza e higieniza\u00e7\u00e3o de colch\u00e3o infantil<\/option>\n\t\t\t\t\t\t\t\t\t<option value=\"\tlimpeza e higieniza\u00e7\u00e3o de colch\u00e3o solteiro\">\tlimpeza e higieniza\u00e7\u00e3o de colch\u00e3o solteiro<\/option>\n\t\t\t\t\t\t\t\t\t<option value=\"\tlimpeza e higieniza\u00e7\u00e3o colch\u00e3o casal\">\tlimpeza e higieniza\u00e7\u00e3o colch\u00e3o casal<\/option>\n\t\t\t\t\t\t\t\t\t<option value=\"\tLimpeza e higieniza\u00e7\u00e3o de colch\u00e3o Queen\">\tLimpeza e higieniza\u00e7\u00e3o de colch\u00e3o Queen<\/option>\n\t\t\t\t\t\t\t\t\t<option value=\"\tLimpeza e higieniza\u00e7\u00e3o de colch\u00e3o King Size\">\tLimpeza e higieniza\u00e7\u00e3o de colch\u00e3o King Size<\/option>\n\t\t\t\t\t\t\t\t\t<option value=\"\tHigieniza\u00e7\u00e3o de colch\u00e3o de casal com manchas\">\tHigieniza\u00e7\u00e3o de colch\u00e3o de casal com manchas<\/option>\n\t\t\t\t\t\t\t\t\t<option value=\"\tLimpeza e higieniza\u00e7\u00e3o de estofados automotivos\">\tLimpeza e higieniza\u00e7\u00e3o de estofados automotivos<\/option>\n\t\t\t\t\t\t\t\t\t<option value=\"\tLimpeza e higieniza\u00e7\u00e3o poltrona do papai\">\tLimpeza e higieniza\u00e7\u00e3o poltrona do papai<\/option>\n\t\t\t\t\t\t\t\t\t<option value=\"\tLimpeza e higieniza\u00e7\u00e3o de almofadas (unidade)\">\tLimpeza e higieniza\u00e7\u00e3o de almofadas (unidade)<\/option>\n\t\t\t\t\t\t\t\t\t<option value=\"\tLimpeza e higieniza\u00e7\u00e3o de travesseiro (unidade)\">\tLimpeza e higieniza\u00e7\u00e3o de travesseiro (unidade)<\/option>\n\t\t\t\t\t\t\t\t\t<option value=\"\tLimpeza e higieniza\u00e7\u00e3o beb\u00ea conforto\">\tLimpeza e higieniza\u00e7\u00e3o beb\u00ea conforto<\/option>\n\t\t\t\t\t\t\t\t\t<option value=\"\tLimpeza, higieniza\u00e7\u00e3o + impermeabiliza\u00e7\u00e3o sof\u00e1 02 lugares\">\tLimpeza, higieniza\u00e7\u00e3o + impermeabiliza\u00e7\u00e3o sof\u00e1 02 lugares<\/option>\n\t\t\t\t\t\t\t\t\t<option value=\"\tLimpeza, higieniza\u00e7\u00e3o + impermeabiliza\u00e7\u00e3o sof\u00e1 03 lugares\">\tLimpeza, higieniza\u00e7\u00e3o + impermeabiliza\u00e7\u00e3o sof\u00e1 03 lugares<\/option>\n\t\t\t\t\t\t\t\t\t<option value=\"\tLimpeza, higieniza\u00e7\u00e3o + impermeabiliza\u00e7\u00e3o sof\u00e1 retr\u00e1til 2 m\u00f3dulos\">\tLimpeza, higieniza\u00e7\u00e3o + impermeabiliza\u00e7\u00e3o sof\u00e1 retr\u00e1til 2 m\u00f3dulos<\/option>\n\t\t\t\t\t\t\t\t\t<option value=\"\"><\/option>\n\t\t\t\t\t\t\t<\/select>\n\t\t<\/div>\n\t\t\t\t\t\t<\/div>\n\t\t\t\t\t\t\t\t<div class=\"elementor-field-type-textarea elementor-field-group elementor-column elementor-field-group-mensagem elementor-col-100\">\n\t\t\t\t\t\t\t\t\t\t\t\t<label for=\"form-field-mensagem\" class=\"elementor-field-label\">\n\t\t\t\t\t\t\t\tInforma\u00e7\u00f5es Adicionais\t\t\t\t\t\t\t<\/label>\n\t\t\t\t\t\t<textarea class=\"elementor-field-textual elementor-field  elementor-size-sm\" name=\"form_fields[mensagem]\" id=\"form-field-mensagem\" rows=\"4\" placeholder=\"Caso tenha alguma observa\u00e7\u00e3o a fazer, escreva aqui\"><\/textarea>\t\t\t\t<\/div>\n\t\t\t\t\t\t\t\t<div class=\"elementor-field-group elementor-column elementor-field-type-submit elementor-col-100 e-form__buttons\">\n\t\t\t\t\t<button type=\"submit\" class=\"elementor-button elementor-size-sm\">\n\t\t\t\t\t\t<span >\n\t\t\t\t\t\t\t\t\t\t\t\t\t\t\t<span class=\" elementor-button-icon\">\n\t\t\t\t\t\t\t\t\t\t\t\t\t\t\t\t\t\t\t\t\t\t\t\t\t\t<\/span>\n\t\t\t\t\t\t\t\t\t\t\t\t\t\t\t\t\t\t\t\t\t\t<span class=\"elementor-button-text\">Enviar Pedido de Or\u00e7amento<\/span>\n\t\t\t\t\t\t\t\t\t\t\t\t\t<\/span>\n\t\t\t\t\t<\/button>\n\t\t\t\t<\/div>\n\t\t\t<\/div>\n\t\t<\/form>\n\t\t\t\t<\/div>\n\t\t\t\t<\/div>\n\t\t\t\t\t<\/div>\n\t\t\t\t<\/div>\n\t\t\t\t\t\t\t<\/div>\n\t\t","protected":false},"excerpt":{"rendered":"<p>Fa\u00e7a sua Cota\u00e7\u00e3o Online Agora!<\/p>\n","protected":false},"author":1,"featured_media":0,"parent":0,"menu_order":0,"comment_status":"closed","ping_status":"closed","template":"","meta":{"inline_featured_image":false,"footnotes":""},"class_list":["post-4169","page","type-page","status-publish","hentry"],"aioseo_notices":[],"_links":{"self":[{"href":"https:\/\/aguavivadesentupidora.com.br\/index.php\/wp-json\/wp\/v2\/pages\/4169","targetHints":{"allow":["GET"]}}],"collection":[{"href":"https:\/\/aguavivadesentupidora.com.br\/index.php\/wp-json\/wp\/v2\/pages"}],"about":[{"href":"https:\/\/aguavivadesentupidora.com.br\/index.php\/wp-json\/wp\/v2\/types\/page"}],"author":[{"embeddable":true,"href":"https:\/\/aguavivadesentupidora.com.br\/index.php\/wp-json\/wp\/v2\/users\/1"}],"replies":[{"embeddable":true,"href":"https:\/\/aguavivadesentupidora.com.br\/index.php\/wp-json\/wp\/v2\/comments?post=4169"}],"version-history":[{"count":61,"href":"https:\/\/aguavivadesentupidora.com.br\/index.php\/wp-json\/wp\/v2\/pages\/4169\/revisions"}],"predecessor-version":[{"id":4434,"href":"https:\/\/aguavivadesentupidora.com.br\/index.php\/wp-json\/wp\/v2\/pages\/4169\/revisions\/4434"}],"wp:attachment":[{"href":"https:\/\/aguavivadesentupidora.com.br\/index.php\/wp-json\/wp\/v2\/media?parent=4169"}],"curies":[{"name":"wp","href":"https:\/\/api.w.org\/{rel}","templated":true}]}}